{"id":493,"date":"2022-06-08T17:07:24","date_gmt":"2022-06-08T17:07:24","guid":{"rendered":"https:\/\/lesya-demo.bslthemes.com\/?page_id=493"},"modified":"2026-02-16T11:31:06","modified_gmt":"2026-02-16T10:31:06","slug":"a-propos","status":"publish","type":"page","link":"https:\/\/blackandwhitebarbier.ca\/index.php\/a-propos\/","title":{"rendered":"A propos"},"content":{"rendered":"\t\t<div data-elementor-type=\"wp-page\" data-elementor-id=\"493\" class=\"elementor elementor-493\">\n\t\t\t\t\t\t<section class=\"elementor-section elementor-top-section elementor-element elementor-element-0764387 elementor-section-full_width elementor-section-height-default elementor-section-height-default\" data-id=\"0764387\" data-element_type=\"section\" data-e-type=\"section\">\n\t\t\t\t\t\t<div class=\"elementor-container elementor-column-gap-no\">\n\t\t\t\t\t<div class=\"elementor-column elementor-col-100 elementor-top-column elementor-element elementor-element-d4bf4ba\" data-id=\"d4bf4ba\" data-element_type=\"column\" data-e-type=\"column\">\n\t\t\t<div class=\"elementor-widget-wrap elementor-element-populated\">\n\t\t\t\t\t\t<div class=\"elementor-element elementor-element-14842c2 elementor-widget elementor-widget-lesya-intro-section\" data-id=\"14842c2\" data-element_type=\"widget\" data-e-type=\"widget\" data-widget_type=\"lesya-intro-section.default\">\n\t\t\t\t<div class=\"elementor-widget-container\">\n\t\t\t\t\t\n      <!-- Page Banner Start -->\n      <section class=\"page-banner text-white py-165 rpy-130\" style=\"background-image: url(https:\/\/blackandwhitebarbier.ca\/wp-content\/uploads\/2026\/02\/Design-sans-titre-21.png);\">\n      \t<div class=\"container\">\n      \t\t<div class=\"banner-inner\">\n                                    <h1 class=\"page-title wow fadeInUp delay-0-2s\">\n              <span >A propos<\/span>\n            <\/h1>\n                        <ol class=\"breadcrumb wow fadeInUp delay-0-4s\"><li class=\"breadcrumb-item\"><a href=\"https:\/\/blackandwhitebarbier.ca\/\" title=\"blackandwhitebarbier.ca\">Home<\/a><\/li><li class=\"breadcrumb-item\"><span><\/span><\/li><\/ol>      \t\t<\/div>\n      \t<\/div>\n      <\/section>\n      <!-- Page Banner End -->\n\n      \t\t\t\t<\/div>\n\t\t\t\t<\/div>\n\t\t\t\t\t<\/div>\n\t\t<\/div>\n\t\t\t\t\t<\/div>\n\t\t<\/section>\n\t\t\t\t<section class=\"elementor-section elementor-top-section elementor-element elementor-element-7610049 elementor-section-full_width elementor-section-height-default elementor-section-height-default\" data-id=\"7610049\" data-element_type=\"section\" data-e-type=\"section\">\n\t\t\t\t\t\t<div class=\"elementor-container elementor-column-gap-no\">\n\t\t\t\t\t<div class=\"elementor-column elementor-col-100 elementor-top-column elementor-element elementor-element-60018d5\" data-id=\"60018d5\" data-element_type=\"column\" data-e-type=\"column\">\n\t\t\t<div class=\"elementor-widget-wrap elementor-element-populated\">\n\t\t\t\t\t\t<div class=\"elementor-element elementor-element-f613a48 elementor-widget elementor-widget-lesya-about-us-two\" data-id=\"f613a48\" data-element_type=\"widget\" data-e-type=\"widget\" data-widget_type=\"lesya-about-us-two.default\">\n\t\t\t\t<div class=\"elementor-widget-container\">\n\t\t\t\t\t\n    <!-- About Section Start -->\n    <section class=\"about-page-section rel z-2 pt-140 rpt-90\">\n      <div class=\"container\">\n        <div class=\"row mb-55\">\n          <div class=\"col-lg-5\">\n            <div class=\"about-page-content wow fadeInLeft delay-0-2s\">\n                            <div class=\"section-title mb-30\">\n                                                      <span class=\"sub-title\">\n                    <span >\n                      L\u2019\u00e9l\u00e9gance, le style et le professionnalisme                    <\/span>\n                  <\/span>\n                                                      <h2>\n                    <span >\n                      au c\u0153ur de notre salon                    <\/span>\n                  <\/h2>\n                                <\/div>\n                          <\/div>\n          <\/div>\n          <div class=\"col-lg-7\">\n            <div class=\"about-page-right-text wow fadeInRight delay-0-2s\">\n                            <div >\n                <p data-start=\"380\" data-end=\"727\">Bienvenue chez <strong data-start=\"395\" data-end=\"423\">Black &amp; White Barbershop<\/strong>, un salon de coiffure mixte situ\u00e9 au c\u0153ur de Qu\u00e9bec au Canada, d\u00e9di\u00e9 \u00e0 la beaut\u00e9 et au style pour <strong data-start=\"518\" data-end=\"538\">hommes et femmes<\/strong>.<br data-start=\"539\" data-end=\"542\" \/>Nous croyons que chaque coiffure est une <strong data-start=\"583\" data-end=\"613\">expression de personnalit\u00e9<\/strong>, et notre mission est de vous offrir un <strong data-start=\"654\" data-end=\"673\">look impeccable<\/strong>, parfaitement adapt\u00e9 \u00e0 votre style et \u00e0 vos envies.<\/p>              <\/div>\n                          <\/div>\n          <\/div>\n        <\/div>\n              <\/div>\n    <\/section>\n    <!-- About Section End -->\n\n\t\t\t\t\t\t<\/div>\n\t\t\t\t<\/div>\n\t\t\t\t\t<\/div>\n\t\t<\/div>\n\t\t\t\t\t<\/div>\n\t\t<\/section>\n\t\t<div class=\"elementor-element elementor-element-733b570 e-flex e-con-boxed e-con e-parent\" data-id=\"733b570\" data-element_type=\"container\" data-e-type=\"container\">\n\t\t\t\t\t<div class=\"e-con-inner\">\n\t\t\t\t<div class=\"elementor-element elementor-element-9a09bef elementor-widget elementor-widget-heading\" data-id=\"9a09bef\" data-element_type=\"widget\" data-e-type=\"widget\" data-widget_type=\"heading.default\">\n\t\t\t\t\t<h2 class=\"elementor-heading-title elementor-size-default\">Notre \u00e9quipe<\/h2>\t\t\t\t<\/div>\n\t\t\t\t<div class=\"elementor-element elementor-element-0931d38 elementor-widget elementor-widget-text-editor\" data-id=\"0931d38\" data-element_type=\"widget\" data-e-type=\"widget\" data-widget_type=\"text-editor.default\">\n\t\t\t\t\t\t\t\t\t<p data-start=\"755\" data-end=\"865\">Notre force, c\u2019est notre \u00e9quipe de <strong data-start=\"790\" data-end=\"834\">coiffeurs professionnels et exp\u00e9riment\u00e9s<\/strong>, passionn\u00e9s par leur m\u00e9tier.<\/p><ul data-start=\"866\" data-end=\"1219\"><li data-start=\"866\" data-end=\"1040\"><p data-start=\"868\" data-end=\"1040\">Chaque membre de notre \u00e9quipe est form\u00e9 aux <strong data-start=\"912\" data-end=\"954\">techniques modernes et traditionnelles<\/strong> : coupes, d\u00e9grad\u00e9s, tresses, dreadlocks, extensions, tissages et soins capillaires.<\/p><\/li><li data-start=\"1041\" data-end=\"1144\"><p data-start=\"1043\" data-end=\"1144\">Nous sommes \u00e0 l\u2019\u00e9coute de nos clients pour <strong data-start=\"1086\" data-end=\"1111\">cr\u00e9er un style unique<\/strong> qui refl\u00e8te leur personnalit\u00e9.<\/p><\/li><li data-start=\"1145\" data-end=\"1219\"><p data-start=\"1147\" data-end=\"1219\">Hygi\u00e8ne, pr\u00e9cision et soin sont au c\u0153ur de chacune de nos prestations.<\/p><\/li><\/ul>\t\t\t\t\t\t\t\t<\/div>\n\t\t\t\t\t<\/div>\n\t\t\t\t<\/div>\n\t\t<div class=\"elementor-element elementor-element-0771477 e-flex e-con-boxed e-con e-parent\" data-id=\"0771477\" data-element_type=\"container\" data-e-type=\"container\">\n\t\t\t\t\t<div class=\"e-con-inner\">\n\t\t<div class=\"elementor-element elementor-element-9ed1048 e-con-full e-flex e-con e-child\" data-id=\"9ed1048\" data-element_type=\"container\" data-e-type=\"container\">\n\t\t\t\t<div class=\"elementor-element elementor-element-7c6d603 elementor-widget elementor-widget-heading\" data-id=\"7c6d603\" data-element_type=\"widget\" data-e-type=\"widget\" data-widget_type=\"heading.default\">\n\t\t\t\t\t<h2 class=\"elementor-heading-title elementor-size-default\">Nos valeurs<\/h2>\t\t\t\t<\/div>\n\t\t\t\t<div class=\"elementor-element elementor-element-64d9b24 elementor-widget elementor-widget-text-editor\" data-id=\"64d9b24\" data-element_type=\"widget\" data-e-type=\"widget\" data-widget_type=\"text-editor.default\">\n\t\t\t\t\t\t\t\t\t<p data-start=\"1246\" data-end=\"1310\">Chez <strong data-start=\"1251\" data-end=\"1279\">Black &amp; White Barbershop<\/strong>, nous mettons l\u2019accent sur :<\/p><ul data-start=\"1311\" data-end=\"1712\"><li data-start=\"1311\" data-end=\"1403\"><p data-start=\"1313\" data-end=\"1403\"><strong data-start=\"1313\" data-end=\"1334\">Professionnalisme<\/strong> : chaque coupe et coiffure est r\u00e9alis\u00e9e avec expertise et rigueur.<\/p><\/li><li data-start=\"1404\" data-end=\"1496\"><p data-start=\"1406\" data-end=\"1496\"><strong data-start=\"1406\" data-end=\"1417\">Qualit\u00e9<\/strong> : nous utilisons des produits haut de gamme adapt\u00e9s \u00e0 tous types de cheveux.<\/p><\/li><li data-start=\"1497\" data-end=\"1595\"><p data-start=\"1499\" data-end=\"1595\"><strong data-start=\"1499\" data-end=\"1522\">Satisfaction client<\/strong> : votre exp\u00e9rience et votre sourire sont notre plus grande r\u00e9compense.<\/p><\/li><li data-start=\"1596\" data-end=\"1712\"><p data-start=\"1598\" data-end=\"1712\"><strong data-start=\"1598\" data-end=\"1612\">Innovation<\/strong> : nous restons \u00e0 la pointe des tendances pour vous proposer des styles modernes et personnalis\u00e9s.<\/p><\/li><\/ul>\t\t\t\t\t\t\t\t<\/div>\n\t\t\t\t<\/div>\n\t\t<div class=\"elementor-element elementor-element-06adaaa e-con-full e-flex e-con e-child\" data-id=\"06adaaa\" data-element_type=\"container\" data-e-type=\"container\">\n\t\t\t\t<div class=\"elementor-element elementor-element-831642e elementor-widget elementor-widget-heading\" data-id=\"831642e\" data-element_type=\"widget\" data-e-type=\"widget\" data-widget_type=\"heading.default\">\n\t\t\t\t\t<h2 class=\"elementor-heading-title elementor-size-default\">Notre mission<\/h2>\t\t\t\t<\/div>\n\t\t\t\t<div class=\"elementor-element elementor-element-cb8a5f4 elementor-widget elementor-widget-text-editor\" data-id=\"cb8a5f4\" data-element_type=\"widget\" data-e-type=\"widget\" data-widget_type=\"text-editor.default\">\n\t\t\t\t\t\t\t\t\t<p>Notre objectif est simple : <strong data-start=\"1769\" data-end=\"1817\">faire ressortir le meilleur de chaque client<\/strong> gr\u00e2ce \u00e0 un service personnalis\u00e9 et des techniques professionnelles.<br data-start=\"1885\" data-end=\"1888\" \/>Que vous cherchiez une <strong data-start=\"1911\" data-end=\"1985\">coupe classique, un style tendance ou un soin capillaire haut de gamme<\/strong>, nous vous garantissons <strong data-start=\"2010\" data-end=\"2035\">une exp\u00e9rience unique<\/strong> et un r\u00e9sultat irr\u00e9prochable.<\/p>\t\t\t\t\t\t\t\t<\/div>\n\t\t\t\t<\/div>\n\t\t\t\t\t<\/div>\n\t\t\t\t<\/div>\n\t\t<div class=\"elementor-element elementor-element-8fce10c e-flex e-con-boxed e-con e-parent\" data-id=\"8fce10c\" data-element_type=\"container\" data-e-type=\"container\">\n\t\t\t\t\t<div class=\"e-con-inner\">\n\t\t\t\t<div class=\"elementor-element elementor-element-359e1bf elementor-widget elementor-widget-heading\" data-id=\"359e1bf\" data-element_type=\"widget\" data-e-type=\"widget\" data-widget_type=\"heading.default\">\n\t\t\t\t\t<h2 class=\"elementor-heading-title elementor-size-default\">Notre vision<\/h2>\t\t\t\t<\/div>\n\t\t\t\t<div class=\"elementor-element elementor-element-a5ce3bf elementor-widget elementor-widget-text-editor\" data-id=\"a5ce3bf\" data-element_type=\"widget\" data-e-type=\"widget\" data-widget_type=\"text-editor.default\">\n\t\t\t\t\t\t\t\t\t<p data-start=\"755\" data-end=\"865\">Devenir <strong data-start=\"2103\" data-end=\"2128\">le salon de r\u00e9f\u00e9rence<\/strong> pour tous ceux qui recherchent <strong data-start=\"2160\" data-end=\"2199\">qualit\u00e9, style et professionnalisme<\/strong>, o\u00f9 chaque visite est une exp\u00e9rience de d\u00e9tente et de beaut\u00e9.<\/p><p data-start=\"755\" data-end=\"865\">Chez <strong data-start=\"2294\" data-end=\"2322\">Black &amp; White Barbershop<\/strong>, nous ne faisons pas que des coupes ou des coiffures : nous cr\u00e9ons <strong data-start=\"2390\" data-end=\"2437\">des styles qui refl\u00e8tent votre personnalit\u00e9<\/strong>, tout en offrant <strong data-start=\"2455\" data-end=\"2490\">un cadre accueillant et moderne<\/strong>.<br data-start=\"2491\" data-end=\"2494\" \/>Venez nous rendre visite et d\u00e9couvrez <strong data-start=\"2532\" data-end=\"2578\">l\u2019art de la coiffure ma\u00eetris\u00e9 avec passion<\/strong>.<\/p>\t\t\t\t\t\t\t\t<\/div>\n\t\t\t\t\t<\/div>\n\t\t\t\t<\/div>\n\t\t<div class=\"elementor-element elementor-element-aea74ed e-flex e-con-boxed e-con e-parent\" data-id=\"aea74ed\" data-element_type=\"container\" data-e-type=\"container\">\n\t\t\t\t\t<div class=\"e-con-inner\">\n\t\t<div class=\"elementor-element elementor-element-838e582 e-con-full e-flex e-con e-child\" data-id=\"838e582\" data-element_type=\"container\" data-e-type=\"container\">\n\t\t\t\t<div class=\"elementor-element elementor-element-f26070f elementor-widget elementor-widget-image\" data-id=\"f26070f\" data-element_type=\"widget\" data-e-type=\"widget\" data-widget_type=\"image.default\">\n\t\t\t\t\t\t\t\t\t\t\t\t\t\t\t<img decoding=\"async\" src=\"https:\/\/blackandwhitebarbier.ca\/wp-content\/uploads\/2026\/02\/Design-sans-titre-23.png\" title=\"Design sans titre (23)\" alt=\"Design sans titre (23)\" loading=\"lazy\" \/>\t\t\t\t\t\t\t\t\t\t\t\t\t\t\t<\/div>\n\t\t\t\t<\/div>\n\t\t<div class=\"elementor-element elementor-element-a5f10c4 e-con-full e-flex e-con e-child\" data-id=\"a5f10c4\" data-element_type=\"container\" data-e-type=\"container\">\n\t\t\t\t<div class=\"elementor-element elementor-element-a3ace8a elementor-widget elementor-widget-video\" data-id=\"a3ace8a\" data-element_type=\"widget\" data-e-type=\"widget\" data-settings=\"{&quot;video_type&quot;:&quot;hosted&quot;,&quot;controls&quot;:&quot;yes&quot;}\" data-widget_type=\"video.default\">\n\t\t\t\t\t\t\t<div class=\"e-hosted-video elementor-wrapper elementor-open-inline\">\n\t\t\t\t\t<video class=\"elementor-video\" src=\"https:\/\/blackandwhitebarbier.ca\/wp-content\/uploads\/2026\/02\/Design-sans-titre.mp4\" controls=\"\" preload=\"metadata\" controlsList=\"nodownload\"><\/video>\n\t\t\t\t<\/div>\n\t\t\t\t\t\t<\/div>\n\t\t\t\t<\/div>\n\t\t\t\t\t<\/div>\n\t\t\t\t<\/div>\n\t\t\t\t<\/div>\n\t\t","protected":false},"excerpt":{"rendered":"<p>A propos Home L\u2019\u00e9l\u00e9gance, le style et le professionnalisme au&#8230; <br \/><a href=\"https:\/\/blackandwhitebarbier.ca\/index.php\/a-propos\/\" class=\"theme-btn style-seven\">Learn more<i class=\"fas fa-long-arrow-alt-right\"><\/i><\/a><\/p>\n","protected":false},"author":1,"featured_media":0,"parent":0,"menu_order":0,"comment_status":"closed","ping_status":"closed","template":"template-layout-builder.php","meta":{"_acf_changed":false,"_monsterinsights_skip_tracking":false,"_monsterinsights_sitenote_active":false,"_monsterinsights_sitenote_note":"","_monsterinsights_sitenote_category":0,"footnotes":""},"class_list":["post-493","page","type-page","status-publish","hentry"],"acf":[],"aioseo_notices":[],"_links":{"self":[{"href":"https:\/\/blackandwhitebarbier.ca\/index.php\/wp-json\/wp\/v2\/pages\/493","targetHints":{"allow":["GET"]}}],"collection":[{"href":"https:\/\/blackandwhitebarbier.ca\/index.php\/wp-json\/wp\/v2\/pages"}],"about":[{"href":"https:\/\/blackandwhitebarbier.ca\/index.php\/wp-json\/wp\/v2\/types\/page"}],"author":[{"embeddable":true,"href":"https:\/\/blackandwhitebarbier.ca\/index.php\/wp-json\/wp\/v2\/users\/1"}],"replies":[{"embeddable":true,"href":"https:\/\/blackandwhitebarbier.ca\/index.php\/wp-json\/wp\/v2\/comments?post=493"}],"version-history":[{"count":59,"href":"https:\/\/blackandwhitebarbier.ca\/index.php\/wp-json\/wp\/v2\/pages\/493\/revisions"}],"predecessor-version":[{"id":2516,"href":"https:\/\/blackandwhitebarbier.ca\/index.php\/wp-json\/wp\/v2\/pages\/493\/revisions\/2516"}],"wp:attachment":[{"href":"https:\/\/blackandwhitebarbier.ca\/index.php\/wp-json\/wp\/v2\/media?parent=493"}],"curies":[{"name":"wp","href":"https:\/\/api.w.org\/{rel}","templated":true}]}}